1
What is the remainder when 765226 is divided by 645?
256
Calculate the remainder when 56614 is divided by 2944.
678
Calculate the remainder when 23937157 is divided by 169.
166
Calculate the remainder when 51739 is divided by 1374.
901
What is the remainder when 277352 is divided by 2453?
163
What is the remainder when 612995386 is divided by 87?
85
Calculate the remainder when 253172 is divided by 125967.
1238
Calculate the remainder when 83517 is divided by 13762.
945
Calculate the remainder when 68378 is divided by 1303.
622
What is the remainder when 4849801 is divided by 42542?
13
Calculate the remainder when 136261580 is divided by 1648.
1644
What is the remainder when 6542732 is divided by 39414?
8
What is the remainder when 23350235 is divided by 11497?
11325
What is the remainder when 38920354 is divided by 40?
34
What is the remainder when 1609428 is divided by 37428?
24
What is the remainder when 54066798 is divided by 71?
14
Calculate the remainder when 133019 is divided by 132997.
22
What is the remainder when 260776 is divided by 21731?
4
Calculate the remainder when 19768218 is divided by 6589361.
135
What is the remainder when 17675512 is divided by 24?
16
Calculate the remainder when 5581382 is divided by 2790677.
28
What is the remainder when 100372060 is divided by 7833?
7831
Calculate the remainder when 11480134 is divided by 74.
70
What is the remainder when 205311919 is divided by 11?
10
Calculate the remainder when 14590851 is divided by 34823.
14
What is the remainder when 1309412 is divided by 599?
597
What is the remainder when 696452 is divided by 61?
15
Calculate the remainder when 19684377 is divided by 20.
17
What is the remainder when 51617 is divided by 17181?
74
What is the remainder when 72061832 is divided by 2152?
2112
What is the remainder when 734600 is divided by 734596?
4
Calculate the remainder when 952903 is divided by 1822.
1819
What is the remainder when 332919 is divided by 1144?
15
What is the remainder when 1227265 is divided by 409076?
37
Calculate the remainder when 74562 is divided by 607.
508
Calculate the remainder when 614729 is divided by 76835.
49
Calculate the remainder when 2422373 is divided by 605592.
5
Calculate the remainder when 57457717 is divided by 99.
97
What is the remainder when 5724872 is divided by 20?
12
What is the remainder when 15156 is divided by 745?
256
What is the remainder when 79872 is divided by 19818?
600
What is the remainder when 521698 is divided by 24842?
16
Calculate the remainder when 2837291 is divided by 709253.
279
Calculate the remainder when 215001 is divided by 850.
801
What is the remainder when 1047683 is divided by 1065?
788
What is the remainder when 10191958 is divided by 5459?
5
Calculate the remainder when 108371422 is divided by 276.
22
Calculate the remainder when 13522 is divided by 434.
68
Calculate the remainder when 197225 is divided by 145.
25
Calculate the remainder when 732845 is divided by 2451.
2447
Calculate the remainder when 3975084 is divided by 167.
150
What is the remainder when 2580 is divided by 499?
85
What is the remainder when 1512151 is divided by 38773?
4
What is the remainder when 587247 is divided by 14666?
607
Calculate the remainder when 1999440 is divided by 333240.
0
What is the remainder when 78645612 is divided by 29790?
12
What is the remainder when 303671835 is divided by 16?
11
What is the remainder when 307344 is divided by 303?
102
Calculate the remainder when 2974071 is divided by 8722.
8591
Calculate the remainder when 4902015 is divided by 128.
127
Calculate the remainder when 6994429 is divided by 6994414.
15
Calculate the remainder when 10050238 is divided by 220.
198
What is the remainder when 36540 is divided by 5305?
4710
Calculate the remainder when 198732 is divided by 24836.
44
Calculate the remainder when 55151400 is divided by 1275.
0
What is the remainder when 57236918 is divided by 338?
336
Calculate the remainder when 6904161 is divided by 177029.
30
Calculate the remainder when 176159998 is divided by 16.
14
Calculate the remainder when 41656303 is divided by 6780.
6763
Calculate the remainder when 8482064 is divided by 1073.
1072
What is the remainder when 58973505 is divided by 297?
294
Calculate the remainder when 6976920 is divided by 19.
6
What is the remainder when 1046024 is divided by 2011?
304
What is the remainder when 229141 is divided by 420?
241
What is the remainder when 1151392 is divided by 5509?
11
Calculate the remainder when 18821 is divided by 2067.
218
What is the remainder when 15396 is divided by 1846?
628
Calculate the remainder when 102311 is divided by 1669.
502
Calculate the remainder when 63034920 is divided by 83823.
24
What is the remainder when 391445 is divided by 3011?
15
What is the remainder when 492056 is divided by 163992?
80
What is the remainder when 5955341 is divided by 283587?
14
What is the remainder when 37489069 is divided by 23?
12
Calculate the remainder when 475020 is divided by 47.
38
What is the remainder when 15969270 is divided by 289?
286
Calculate the remainder when 92140517 is divided by 1514.
1505
Calculate the remainder when 23738936 is divided by 90.
86
What is the remainder when 1192624 is divided by 328?
16
Calculate the remainder when 24409413 is divided by 4088.
4053
What is the remainder when 869442 is divided by 434672?
98
What is the remainder when 272149243 is divided by 4544?
4539
What is the remainder when 308574743 is divided by 7631?
7627
What is the remainder when 13791687 is divided by 158525?
12
What is the remainder when 222290 is divided by 1528?
730
Calculate the remainder when 17508150 is divided by 2918023.
12
What is the remainder when 289961 is divided by 114?
59
What is the remainder when 335130836 is divided by 23?
21
Calculate the remainder when 1078317 is divided by 1556.
9
Calculate the remainder when 8956289 is divided by 21.
20
What is the remainder when 143099 is divided by 142979?
120
What is the remainder when 1463673 is divided by 354?
237
Calculate the remainder when 662163 is divided by 8174.
69
Calculate the remainder when 576533 is divided by 576449.
84
What is the remainder when 892161 is divided by 27880?
1
What is the remainder when 3679 is divided by 2413?
1266
Calculate the remainder when 15700 is divided by 1047.
1042
What is the remainder when 135316766 is divided by 3434?
3430
Calculate the remainder when 14977891 is divided by 165.
16
What is the remainder when 188150 is divided by 37578?
260
Calculate the remainder when 669360 is divided by 15564.
108
What is the remainder when 42443010 is divided by 42442992?
18
What is the remainder when 460203 is divided by 112937?
8455
Calculate the remainder when 19568994 is divided by 6522985.
39
What is the remainder when 19911596 is divided by 755?
736
What is the remainder when 729394 is divided by 288?
178
What is the remainder when 654309 is divided by 2974?
29
What is the remainder when 3500246 is divided by 7202?
74
What is the remainder when 330402 is divided by 633?
609
Calculate the remainder when 244609633 is divided by 273.
268
What is the remainder when 267437 is divided by 281?
206
What is the remainder when 775368 is divided by 7535?
6798
What is the remainder when 156060 is divided by 7475?
6560
Calculate the remainder when 1189094 is divided by 214.
110
Calculate the remainder when 1811652 is divided by 42.
24
What is the remainder when 103870 is divided by 82?
58
Calculate the remainder when 7250734 is divided by 250025.
9
Calculate the remainder when 7006192 is divided by 954.
16
What is the remainder when 439999 is divided by 694?
3
Calculate the remainder when 89199 is divided by 91.
19
Calculate the remainder when 113946 is divided by 288.
186
Calculate the remainder when 1253315 is divided by 160.
35
What is the remainder when 559688 is divided by 110?
8
What is the remainder when 82885 is divided by 2435?
95
What is the remainder when 6208 is divided by 1493?
236
What is the remainder when 757421 is divided by 194?
45
What is the remainder when 11666641 is divided by 58?
57
What is the remainder when 92843 is divided by 46312?
219
Calculate the remainder when 1230227 is divided by 615112.
3
What is the remainder when 3